{"id":417,"date":"2017-01-08T17:48:21","date_gmt":"2017-01-08T16:48:21","guid":{"rendered":"https:\/\/lesnouveauxmythes.sisternet.fr\/?page_id=417"},"modified":"2026-03-11T12:13:55","modified_gmt":"2026-03-11T11:13:55","slug":"video","status":"publish","type":"page","link":"https:\/\/lesnouveauxmythes.sisternet.fr\/?page_id=417","title":{"rendered":"VID\u00c9OS"},"content":{"rendered":"<p><strong>France 3 Alpes &#8211; Samedi 12 novembre 2016<\/strong><\/p>\n<p><a href=\"http:\/\/france3-regions.francetvinfo.fr\/alpes\/isere\/grenoble\/ces-mythes-qui-nous-gouvernent-1129129.html\" target=\"_blank\"><strong>Ces mythes qui nous gouvernent<\/strong><\/a><br \/>\nReportage de Jean-Christophe Pain, Lo\u00efc Suchet et Fr\u00e9d\u00e9ric Cathelain<br \/>\n<strong><a href=\"http:\/\/france3-regions.francetvinfo.fr\/alpes\/emissions\/jt-1920-alpes\">Visionner le 19\/20<\/a> <\/strong>(A partir de 21min00), ou directement ci dessous<br \/>\n<a href=\"http:\/\/france3-regions.francetvinfo.fr\/alpes\/isere\/grenoble\/ces-mythes-qui-nous-gouvernent-1129129.html\" target=\"_blank\"><img loading=\"lazy\" decoding=\"async\" class=\"aligncenter size-full wp-image-286\" src=\"https:\/\/lesnouveauxmythes.sisternet.fr\/wp-content\/uploads\/2016\/11\/ces_mythes_qui_nous_gouvernent.jpg\" alt=\"ces_mythes_qui_nous_gouvernent\" width=\"640\" height=\"360\" srcset=\"https:\/\/lesnouveauxmythes.sisternet.fr\/wp-content\/uploads\/2016\/11\/ces_mythes_qui_nous_gouvernent.jpg 640w, https:\/\/lesnouveauxmythes.sisternet.fr\/wp-content\/uploads\/2016\/11\/ces_mythes_qui_nous_gouvernent-300x169.jpg 300w, https:\/\/lesnouveauxmythes.sisternet.fr\/wp-content\/uploads\/2016\/11\/ces_mythes_qui_nous_gouvernent-500x281.jpg 500w\" sizes=\"auto, (max-width: 640px) 100vw, 640px\" \/><\/a><\/p>\n<p><span style=\"color: #336699;\"><strong>Visite virtuelle de l&rsquo;exposition<\/strong><\/span><\/p>\n<p><iframe loading=\"lazy\" title=\"Visite virtuelle - Exposition Les Nouveaux Mythes\" width=\"660\" height=\"371\" src=\"https:\/\/www.youtube.com\/embed\/584P8mRkJwk?feature=oembed\" frameborder=\"0\" allow=\"accelerometer; autoplay; clipboard-write; encrypted-media; gyroscope; picture-in-picture; web-share\" referrerpolicy=\"strict-origin-when-cross-origin\" allowfullscreen><\/iframe><\/p>\n<p><strong>Credit video<\/strong>: Antonio Ferlito<br \/>\n<strong>Credit audio<\/strong>: Bande Originale \u00ab\u00a0Les Nouveaux Mythes\u00a0\u00bb de Antonio Ferlito et SEBA (Sebastiano Barbagallo)<\/p>\n<p><span style=\"color: #336699;\"><strong>Montage de l&rsquo;exposition<\/strong><\/span><\/p>\n<p><iframe loading=\"lazy\" title=\"Montage Exposition Les Nouveaux Mythes 20161117\" width=\"660\" height=\"371\" src=\"https:\/\/www.youtube.com\/embed\/K0F4_w0rC9c?feature=oembed\" frameborder=\"0\" allow=\"accelerometer; autoplay; clipboard-write; encrypted-media; gyroscope; picture-in-picture; web-share\" referrerpolicy=\"strict-origin-when-cross-origin\" allowfullscreen><\/iframe><\/p>\n<p><strong>Credit video<\/strong>: Antonio Ferlito<br \/>\n<strong>Credit audio<\/strong>: Bande Originale \u00ab\u00a0Les Nouveaux Mythes\u00a0\u00bb de Antonio Ferlito et SEBA (Sebastiano Barbagallo)<\/p>\n<p>&nbsp;<\/p>\n","protected":false},"excerpt":{"rendered":"<p>France 3 Alpes &#8211; Samedi 12 novembre 2016 Ces mythes qui nous gouvernent Reportage de Jean-Christophe Pain, Lo\u00efc Suchet et Fr\u00e9d\u00e9ric Cathelain Visionner le 19\/20 (A partir de 21min00), ou directement ci dessous Visite virtuelle de l&rsquo;exposition Credit video: Antonio Ferlito Credit audio: Bande Originale \u00ab\u00a0Les Nouveaux Mythes\u00a0\u00bb de Antonio Ferlito et SEBA (Sebastiano Barbagallo) &hellip; <a href=\"https:\/\/lesnouveauxmythes.sisternet.fr\/?page_id=417\" class=\"more-link\">Continuer la lecture de <span class=\"screen-reader-text\">VID\u00c9OS<\/span><\/a><\/p>\n","protected":false},"author":2,"featured_media":0,"parent":0,"menu_order":0,"comment_status":"closed","ping_status":"closed","template":"","meta":{"footnotes":""},"class_list":["post-417","page","type-page","status-publish","hentry"],"yoast_head":"<!-- This site is optimized with the Yoast SEO plugin v27.5 - https:\/\/yoast.com\/product\/yoast-seo-wordpress\/ -->\n<title>VID\u00c9OS - Les nouveaux mythes<\/title>\n<meta name=\"robots\" content=\"index, follow, max-snippet:-1, max-image-preview:large, max-video-preview:-1\" \/>\n<link rel=\"canonical\" href=\"https:\/\/lesnouveauxmythes.sisternet.fr\/?page_id=417\" \/>\n<meta property=\"og:locale\" content=\"fr_FR\" \/>\n<meta property=\"og:type\" content=\"article\" \/>\n<meta property=\"og:title\" content=\"VID\u00c9OS - Les nouveaux mythes\" \/>\n<meta property=\"og:description\" content=\"France 3 Alpes &#8211; Samedi 12 novembre 2016 Ces mythes qui nous gouvernent Reportage de Jean-Christophe Pain, Lo\u00efc Suchet et Fr\u00e9d\u00e9ric Cathelain Visionner le 19\/20 (A partir de 21min00), ou directement ci dessous Visite virtuelle de l&rsquo;exposition Credit video: Antonio Ferlito Credit audio: Bande Originale \u00ab\u00a0Les Nouveaux Mythes\u00a0\u00bb de Antonio Ferlito et SEBA (Sebastiano Barbagallo) &hellip; Continuer la lecture de VID\u00c9OS\" \/>\n<meta property=\"og:url\" content=\"https:\/\/lesnouveauxmythes.sisternet.fr\/?page_id=417\" \/>\n<meta property=\"og:site_name\" content=\"Les nouveaux mythes\" \/>\n<meta property=\"article:publisher\" content=\"https:\/\/www.facebook.com\/lesnouveauxmythes\/\" \/>\n<meta property=\"article:modified_time\" content=\"2026-03-11T11:13:55+00:00\" \/>\n<meta property=\"og:image\" content=\"https:\/\/lesnouveauxmythes.sisternet.fr\/wp-content\/uploads\/2016\/11\/ces_mythes_qui_nous_gouvernent.jpg\" \/>\n\t<meta property=\"og:image:width\" content=\"640\" \/>\n\t<meta property=\"og:image:height\" content=\"360\" \/>\n\t<meta property=\"og:image:type\" content=\"image\/jpeg\" \/>\n<meta name=\"twitter:card\" content=\"summary_large_image\" \/>\n<script type=\"application\/ld+json\" class=\"yoast-schema-graph\">{\"@context\":\"https:\\\/\\\/schema.org\",\"@graph\":[{\"@type\":\"WebPage\",\"@id\":\"https:\\\/\\\/lesnouveauxmythes.sisternet.fr\\\/?page_id=417\",\"url\":\"https:\\\/\\\/lesnouveauxmythes.sisternet.fr\\\/?page_id=417\",\"name\":\"VID\u00c9OS - Les nouveaux mythes\",\"isPartOf\":{\"@id\":\"https:\\\/\\\/lesnouveauxmythes.sisternet.fr\\\/#website\"},\"primaryImageOfPage\":{\"@id\":\"https:\\\/\\\/lesnouveauxmythes.sisternet.fr\\\/?page_id=417#primaryimage\"},\"image\":{\"@id\":\"https:\\\/\\\/lesnouveauxmythes.sisternet.fr\\\/?page_id=417#primaryimage\"},\"thumbnailUrl\":\"https:\\\/\\\/lesnouveauxmythes.sisternet.fr\\\/wp-content\\\/uploads\\\/2016\\\/11\\\/ces_mythes_qui_nous_gouvernent.jpg\",\"datePublished\":\"2017-01-08T16:48:21+00:00\",\"dateModified\":\"2026-03-11T11:13:55+00:00\",\"breadcrumb\":{\"@id\":\"https:\\\/\\\/lesnouveauxmythes.sisternet.fr\\\/?page_id=417#breadcrumb\"},\"inLanguage\":\"fr-FR\",\"potentialAction\":[{\"@type\":\"ReadAction\",\"target\":[\"https:\\\/\\\/lesnouveauxmythes.sisternet.fr\\\/?page_id=417\"]}]},{\"@type\":\"ImageObject\",\"inLanguage\":\"fr-FR\",\"@id\":\"https:\\\/\\\/lesnouveauxmythes.sisternet.fr\\\/?page_id=417#primaryimage\",\"url\":\"https:\\\/\\\/lesnouveauxmythes.sisternet.fr\\\/wp-content\\\/uploads\\\/2016\\\/11\\\/ces_mythes_qui_nous_gouvernent.jpg\",\"contentUrl\":\"https:\\\/\\\/lesnouveauxmythes.sisternet.fr\\\/wp-content\\\/uploads\\\/2016\\\/11\\\/ces_mythes_qui_nous_gouvernent.jpg\",\"width\":640,\"height\":360,\"caption\":\"Ces mythes qui nous gouvernent. Installation de Christine Bouvier-M\u00fch. Expo \\\"Les nouveaux mythes\\\" 2016, ancien Mus\u00e9e de Peinture, Grenoble.\"},{\"@type\":\"BreadcrumbList\",\"@id\":\"https:\\\/\\\/lesnouveauxmythes.sisternet.fr\\\/?page_id=417#breadcrumb\",\"itemListElement\":[{\"@type\":\"ListItem\",\"position\":1,\"name\":\"Accueil\",\"item\":\"https:\\\/\\\/lesnouveauxmythes.sisternet.fr\\\/\"},{\"@type\":\"ListItem\",\"position\":2,\"name\":\"VID\u00c9OS\"}]},{\"@type\":\"WebSite\",\"@id\":\"https:\\\/\\\/lesnouveauxmythes.sisternet.fr\\\/#website\",\"url\":\"https:\\\/\\\/lesnouveauxmythes.sisternet.fr\\\/\",\"name\":\"Les nouveaux mythes\",\"description\":\"Exposition impertinente\",\"publisher\":{\"@id\":\"https:\\\/\\\/lesnouveauxmythes.sisternet.fr\\\/#organization\"},\"potentialAction\":[{\"@type\":\"SearchAction\",\"target\":{\"@type\":\"EntryPoint\",\"urlTemplate\":\"https:\\\/\\\/lesnouveauxmythes.sisternet.fr\\\/?s={search_term_string}\"},\"query-input\":{\"@type\":\"PropertyValueSpecification\",\"valueRequired\":true,\"valueName\":\"search_term_string\"}}],\"inLanguage\":\"fr-FR\"},{\"@type\":\"Organization\",\"@id\":\"https:\\\/\\\/lesnouveauxmythes.sisternet.fr\\\/#organization\",\"name\":\"Les nouveaux mythes\",\"url\":\"https:\\\/\\\/lesnouveauxmythes.sisternet.fr\\\/\",\"logo\":{\"@type\":\"ImageObject\",\"inLanguage\":\"fr-FR\",\"@id\":\"https:\\\/\\\/lesnouveauxmythes.sisternet.fr\\\/#\\\/schema\\\/logo\\\/image\\\/\",\"url\":\"https:\\\/\\\/lesnouveauxmythes.sisternet.fr\\\/wp-content\\\/uploads\\\/2026\\\/03\\\/logo-lesnouveauxmythes-954x1300px-1.png\",\"contentUrl\":\"https:\\\/\\\/lesnouveauxmythes.sisternet.fr\\\/wp-content\\\/uploads\\\/2026\\\/03\\\/logo-lesnouveauxmythes-954x1300px-1.png\",\"width\":248,\"height\":248,\"caption\":\"Les nouveaux mythes\"},\"image\":{\"@id\":\"https:\\\/\\\/lesnouveauxmythes.sisternet.fr\\\/#\\\/schema\\\/logo\\\/image\\\/\"},\"sameAs\":[\"https:\\\/\\\/www.facebook.com\\\/lesnouveauxmythes\\\/\"]}]}<\/script>\n<!-- \/ Yoast SEO plugin. -->","yoast_head_json":{"title":"VID\u00c9OS - Les nouveaux mythes","robots":{"index":"index","follow":"follow","max-snippet":"max-snippet:-1","max-image-preview":"max-image-preview:large","max-video-preview":"max-video-preview:-1"},"canonical":"https:\/\/lesnouveauxmythes.sisternet.fr\/?page_id=417","og_locale":"fr_FR","og_type":"article","og_title":"VID\u00c9OS - Les nouveaux mythes","og_description":"France 3 Alpes &#8211; Samedi 12 novembre 2016 Ces mythes qui nous gouvernent Reportage de Jean-Christophe Pain, Lo\u00efc Suchet et Fr\u00e9d\u00e9ric Cathelain Visionner le 19\/20 (A partir de 21min00), ou directement ci dessous Visite virtuelle de l&rsquo;exposition Credit video: Antonio Ferlito Credit audio: Bande Originale \u00ab\u00a0Les Nouveaux Mythes\u00a0\u00bb de Antonio Ferlito et SEBA (Sebastiano Barbagallo) &hellip; Continuer la lecture de VID\u00c9OS","og_url":"https:\/\/lesnouveauxmythes.sisternet.fr\/?page_id=417","og_site_name":"Les nouveaux mythes","article_publisher":"https:\/\/www.facebook.com\/lesnouveauxmythes\/","article_modified_time":"2026-03-11T11:13:55+00:00","og_image":[{"width":640,"height":360,"url":"https:\/\/lesnouveauxmythes.sisternet.fr\/wp-content\/uploads\/2016\/11\/ces_mythes_qui_nous_gouvernent.jpg","type":"image\/jpeg"}],"twitter_card":"summary_large_image","schema":{"@context":"https:\/\/schema.org","@graph":[{"@type":"WebPage","@id":"https:\/\/lesnouveauxmythes.sisternet.fr\/?page_id=417","url":"https:\/\/lesnouveauxmythes.sisternet.fr\/?page_id=417","name":"VID\u00c9OS - Les nouveaux mythes","isPartOf":{"@id":"https:\/\/lesnouveauxmythes.sisternet.fr\/#website"},"primaryImageOfPage":{"@id":"https:\/\/lesnouveauxmythes.sisternet.fr\/?page_id=417#primaryimage"},"image":{"@id":"https:\/\/lesnouveauxmythes.sisternet.fr\/?page_id=417#primaryimage"},"thumbnailUrl":"https:\/\/lesnouveauxmythes.sisternet.fr\/wp-content\/uploads\/2016\/11\/ces_mythes_qui_nous_gouvernent.jpg","datePublished":"2017-01-08T16:48:21+00:00","dateModified":"2026-03-11T11:13:55+00:00","breadcrumb":{"@id":"https:\/\/lesnouveauxmythes.sisternet.fr\/?page_id=417#breadcrumb"},"inLanguage":"fr-FR","potentialAction":[{"@type":"ReadAction","target":["https:\/\/lesnouveauxmythes.sisternet.fr\/?page_id=417"]}]},{"@type":"ImageObject","inLanguage":"fr-FR","@id":"https:\/\/lesnouveauxmythes.sisternet.fr\/?page_id=417#primaryimage","url":"https:\/\/lesnouveauxmythes.sisternet.fr\/wp-content\/uploads\/2016\/11\/ces_mythes_qui_nous_gouvernent.jpg","contentUrl":"https:\/\/lesnouveauxmythes.sisternet.fr\/wp-content\/uploads\/2016\/11\/ces_mythes_qui_nous_gouvernent.jpg","width":640,"height":360,"caption":"Ces mythes qui nous gouvernent. Installation de Christine Bouvier-M\u00fch. Expo \"Les nouveaux mythes\" 2016, ancien Mus\u00e9e de Peinture, Grenoble."},{"@type":"BreadcrumbList","@id":"https:\/\/lesnouveauxmythes.sisternet.fr\/?page_id=417#breadcrumb","itemListElement":[{"@type":"ListItem","position":1,"name":"Accueil","item":"https:\/\/lesnouveauxmythes.sisternet.fr\/"},{"@type":"ListItem","position":2,"name":"VID\u00c9OS"}]},{"@type":"WebSite","@id":"https:\/\/lesnouveauxmythes.sisternet.fr\/#website","url":"https:\/\/lesnouveauxmythes.sisternet.fr\/","name":"Les nouveaux mythes","description":"Exposition impertinente","publisher":{"@id":"https:\/\/lesnouveauxmythes.sisternet.fr\/#organization"},"potentialAction":[{"@type":"SearchAction","target":{"@type":"EntryPoint","urlTemplate":"https:\/\/lesnouveauxmythes.sisternet.fr\/?s={search_term_string}"},"query-input":{"@type":"PropertyValueSpecification","valueRequired":true,"valueName":"search_term_string"}}],"inLanguage":"fr-FR"},{"@type":"Organization","@id":"https:\/\/lesnouveauxmythes.sisternet.fr\/#organization","name":"Les nouveaux mythes","url":"https:\/\/lesnouveauxmythes.sisternet.fr\/","logo":{"@type":"ImageObject","inLanguage":"fr-FR","@id":"https:\/\/lesnouveauxmythes.sisternet.fr\/#\/schema\/logo\/image\/","url":"https:\/\/lesnouveauxmythes.sisternet.fr\/wp-content\/uploads\/2026\/03\/logo-lesnouveauxmythes-954x1300px-1.png","contentUrl":"https:\/\/lesnouveauxmythes.sisternet.fr\/wp-content\/uploads\/2026\/03\/logo-lesnouveauxmythes-954x1300px-1.png","width":248,"height":248,"caption":"Les nouveaux mythes"},"image":{"@id":"https:\/\/lesnouveauxmythes.sisternet.fr\/#\/schema\/logo\/image\/"},"sameAs":["https:\/\/www.facebook.com\/lesnouveauxmythes\/"]}]}},"_links":{"self":[{"href":"https:\/\/lesnouveauxmythes.sisternet.fr\/index.php?rest_route=\/wp\/v2\/pages\/417","targetHints":{"allow":["GET"]}}],"collection":[{"href":"https:\/\/lesnouveauxmythes.sisternet.fr\/index.php?rest_route=\/wp\/v2\/pages"}],"about":[{"href":"https:\/\/lesnouveauxmythes.sisternet.fr\/index.php?rest_route=\/wp\/v2\/types\/page"}],"author":[{"embeddable":true,"href":"https:\/\/lesnouveauxmythes.sisternet.fr\/index.php?rest_route=\/wp\/v2\/users\/2"}],"replies":[{"embeddable":true,"href":"https:\/\/lesnouveauxmythes.sisternet.fr\/index.php?rest_route=%2Fwp%2Fv2%2Fcomments&post=417"}],"version-history":[{"count":4,"href":"https:\/\/lesnouveauxmythes.sisternet.fr\/index.php?rest_route=\/wp\/v2\/pages\/417\/revisions"}],"predecessor-version":[{"id":501,"href":"https:\/\/lesnouveauxmythes.sisternet.fr\/index.php?rest_route=\/wp\/v2\/pages\/417\/revisions\/501"}],"wp:attachment":[{"href":"https:\/\/lesnouveauxmythes.sisternet.fr\/index.php?rest_route=%2Fwp%2Fv2%2Fmedia&parent=417"}],"curies":[{"name":"wp","href":"https:\/\/api.w.org\/{rel}","templated":true}]}}